69. Is n composite?
True
Let v = 348 + -146. Suppose -832 = -4*c + 2*d, c + v = 2*c - 2*d. Let j = -53 + c. Is j a composite number?
False
Suppose 2*l + 3*g - 9 = -2*g, 3*g = 3. Let h(x) = -11*x**2 + 4*x - 3. Let y be h(l). Let s = y + 73. Is s a composite number?
True
Let g(d) = d**3 - 5*d**2 - d + 9. Let f be g(5). Suppose 3*q = 2*o + 2*o - 78, 0 = f*o - q - 82. Is o a prime number?
False
Suppose v = s - 231 + 2807, 0 = -4*v + 5*s + 10301. Is v a prime number?
True
Let t(s) = -11*s + 16*s - 1 + 8*s. Let x be 1*(-7)/(21/(-18)). Is t(x) prime?
False
Suppose -5*c - 92 = -167. Is (-393)/(-2)*-2*c/(-9) composite?
True
Suppose -3*s + 3*p = -8*s + 4381, 5*p = -4*s + 3497. Is s a composite number?
True
Suppose -2*l + 127 = -37. Let o = 174 - l. Suppose -2*m = 14 - o. Is m prime?
False
Let v = 555 + 258. Suppose 5*s = v + 17. Is s prime?
False
Let m be (-589)/(-2)*(-10)/(-25)*5. Suppose m = -11*i + 9840. Is i composite?
True
Suppose 10*w + 6 - 56 = 0. Suppose w*d = -787 + 2832. Is d a prime number?
True
Let p = 2205 - 1336. Suppose 324 = s - 5*l, p = 3*s + 5*l - 143. Is s a composite number?
True
Suppose 17*f - 220027 = 40022. Is f composite?
True
Let r be -12*3/(-6) - 3. Let v be -1 + (1 - -463) + r. Suppose -6*j + 4*j + v = 0. Is j prime?
True
Let w(i) be the second derivative of 31*i**3/6 - 5*i**2/2 - 5*i. Let x be w(2). Suppose -4*d = -4*r - 0*d + 72, -4*r = d - x. Is r prime?
False
Let h(y) = -128*y**3 + y. Suppose 3*w - 21 = 3. Let x = w - 9. Is h(x) prime?
True
Let l = -28 + 28. Suppose 187 = -l*a + a. Is a/(-2)*(-5 + 3) prime?
False
Suppose -368669 = -25*d + 18*d. Is d composite?
False
Let r = -412 - -615. Suppose -3*v + 0 = -d - 1, 0 = -d + 5*v - 5. Suppose 2*h - 2*w - r = -d*w, -h = -2*w - 91. Is h prime?
True
Suppose 5*d + 1 = 31. Let j be (-4 - -3)/((-2)/98). Let w = j - d. Is w composite?
False
Suppose 6*x - 16*x + 86230 = 0. Is x a composite number?
False
Suppose -19*z = -18*z + 101. Let r = z + -190. Is (-4)/12*1*r a prime number?
True
Suppose -4*q + 8 = -0*q. Suppose q*p + 2 - 6 = 0. Let l(j) = 317*j + 1. Is l(p) a prime number?
False
Let a(s) = 316*s**2 + 8*s + 11. Is a(-2) a composite number?
False
Suppose 0 = -k + 52 + 455. Let r(g) = -2*g**2 + 12*g - 9. Let y be r(-10). Let t = k + y. Is t prime?
False
Suppose -5*f = 4*o + 3 - 1, 4*o + 4 = -4*f. Is 138 + (-13 + 4)/o a prime number?
False
Let q(y) = -108*y**3 - 4*y**2 - y + 10. Suppose -4*d + 0 = 12. Is q(d) a composite number?
True
Let n(q) be the third derivative of -1/60*q**5 + 4/3*q**3 + 7/8*q**4 + 0*q + 10*q**2 + 0. Is n(7) a prime number?
False
Is 1 - 2509/(-6) - 8/48 a composite number?
False
Is 2534*(-312)/(-16) + -4 prime?
True
Let l(r) = -r**3 - r**2 - r - 1. Let k be l(-2). Suppose -k*i = -i. Suppose i = -2*z - z + 345. Is z composite?
True
Suppose 0 = 4*n + 2*o - o - 19376, 3*o = -5*n + 24213. Suppose 0*c - c - 2*r + n = 0, 9700 = 2*c + 2*r. Is c prime?
False
Let g = 17 - 17. Suppose -2*z - 1 = 5*j, -3*j - 3*z + 3 = -g. Let f(s) = -956*s**3 - s**2 - 2*s - 2. Is f(j) a composite number?
True
Let y be 15 - (-1 - -1 - 3). Suppose 0 = -3*k - 3*d + y, k - d + 5*d - 12 = 0. Suppose 65 = 2*z - 5*l, -5*z - k*l + 85 = -94. Is z a prime number?
False
Suppose -5*r + 5278 = z, -4*z + 5626 = -r - 15465. Is z prime?
True
Let o(a) = a + 1. Let k be o(-4). Let i be 0/(2 + 3/k). Suppose 3*b + b - z = 262, 4*z + 8 = i. Is b a prime number?
False
Let o(q) = 260*q - 2. Let z be o(1). Suppose 0 = -2*v + z + 1144. Is v a prime number?
True
Let r = -7 - 1. Is (-2)/r - 64611/(-36) a prime number?
False
Suppose -b + h + 1120 = 0, -6*h - 2215 = -2*b - 9*h. Is b composite?
True
Suppose 0 = 3*p - 6*p - 2643. Let g be 0 + 3/(-12)*0 - 462. Let f = g - p. Is f a prime number?
True
Suppose -51*o = -46*o - 30325. Is o a prime number?
False
Let k = -276 - -280. Suppose 0 = -3*g + 327 + 237. Suppose -k*s + l = -l - 212, -4*s + g = 4*l. Is s a composite number?
True
Suppose 49 + 113 = 2*s. Let n = s + -127. Is n*(-3 - -2)/2 composite?
False
Suppose -2*b + 12 = -5*b. Let f be (-53)/(b + (2 - -1)). Suppose -7*h + 6*h = -f. Is h composite?
False
Let t(o) = -8 + 16*o - 14*o**2 - 4*o**2 + 3*o**2 - 7 + o**3. Is t(16) composite?
True
Let m(w) = w**3 - 4*w**2 + 6*w - 10. Let t(q) = q + 17. Let j be t(8). Let f = 32 - j. Is m(f) a prime number?
True
Suppose -15058 = -5*g + 16772. Suppose -8*u = -2*u - g. Is u a prime number?
True
Let n = -61 - -86. Let h = -43 + n. Is 1/3 + (-1704)/h a prime number?
False
Suppose -20150 = -37*i + 32*i. Is (-2)/12 - i/(-60) composite?
False
Let x(g) = 98*g**2 + 15*g + 23. Is x(6) composite?
True
Let c = -16334 + 24753. Is c a prime number?
True
Let r be ((-4802)/21)/((-4)/6). Let k = r + -232. Suppose 2*w - 7 - k = 0. Is w composite?
False
Let u(t) = -391*t + 1. Let d be u(-8). Is (5/30)/(2/4)*d composite?
True
Let c = 226381 + -93170. Is c composite?
True
Let u be 24/14 - (-24)/84. Let p(z) = 5*z**2 + 5*z + 3. Let n(m) = -4*m**2 - 4*m - 3. Let v(q) = u*n(q) + 3*p(q). Is v(-5) prime?
False
Let b be 0 + (-21)/6 + 5/10. Is -1*3/(b/379) prime?
True
Let a(r) = -682*r - 203. Is a(-33) composite?
False
Let l(v) = v**2 - 2. Let a be l(3). Suppose a*g = 8*g - 355. Is g prime?
False
Let y = -13017 + 39686. Is y prime?
True
Suppose -632 - 1368 = -8*j. Let q = j - 141. Is q a composite number?
False
Let l(m) = m**3 + 16*m**2 - m - 14. Let p be l(-16). Is 26*1/(p + 0) a prime number?
True
Is 101*34*(-77)/(-154) a composite number?
True
Let i be (-4 - -3)/(1/(-2)). Suppose 3*h + 81 - 1044 = 0. Suppose 2*z = 6, -2689 - h = -4*s - i*z. Is s prime?
True
Let i(l) = l**2 - 4*l + 1. Let z be i(5). Suppose -z*h = -y - h - 7, 3*y = 3*h + 3. Is y/((-9)/(-222)) + 0 a composite number?
True
Let k = 30 + -26. Let t(j) = -3 - k*j - 14*j - 14 - 17*j. Is t(-8) prime?
True
Let l(n) = n**3 + 9*n + 17. Let g be l(-2). Let b(z) = -7*z**3 - 6*z**2 - 7*z + 11. Is b(g) prime?
True
Suppose -d = -4*d - 6. Let v be d/10 - 12782/(-10). Suppose 4*c - 712 = 5*r + 569, -4*c + v = -2*r. Is c composite?
True
Suppose 5*a + 5207 + 308 = 0. Let p = 2010 + a. Is p prime?
True
Let l(f) = 533*f - 14. Let i be l(-9). Let n = i + 7126. Suppose 5*d + 660 - n = 0. Is d composite?
False
Let o be (-117)/13*(-1)/3. Suppose 2*z + 2*b = -b + 191, 3*z = o*b + 264. Is z composite?
True
Let a be (-1 - (-1 + 1))*-5. Suppose -39 = -0*y - 3*y - v, a*v = -15. Suppose 3*r = 4*r - y. Is r prime?
False
Suppose -12*t + 7*t = 50. Let u = 18 + t. Is (-9*u)/(-4) + 3 a composite number?
True
Let b(u) = -u**3 + 53*u**2 + 32*u + 41. Is b(34) composite?
True
Is 1*6 - (-1005 + 5) prime?
False
Let p(t) = -112*t**2 + 5*t + 3. Let b be p(4). Let a = b + 2884. Is a a prime number?
False
Let t(b) = b - 7*b + 2*b + 0*b**2 + 3*b**2. Is t(5) composite?
True
Let b = -28 + 181. Let q = b + -100. Suppose -5*d + r = -q, -3*d = 3*r - 7 - 32. Is d composite?
False
Suppose 3 = 3*r, -2*r = -2*t - 0*r + 13588. Suppose -5*n - 5*c + t = 0, 2*c + 2003 = 3*n - 2084. Is n composite?
False
Let k(q) = -132*q - 7. Let c be (16/(-6))/(1/3). Is k(c) a composite number?
False
Suppose 4*x + 4 = 5*x. Suppose -5*p = -x*i - 253, -2*i = 3*p + 2*i - 171. Is p a composite number?
False
Let t(u) = u**3 + 8*u**2 + 6*u - 6. Let d be t(-7). Is (4 + -3)/(d/887) a prime number?
True
Suppose 2*h - 13033 = h + 3*i, 3*i + 12 = 0. Is h composite?
True
Let l(y) = y**3 + 2 - 18*y**2 + 4*y**3 - 4*y**3 - 9*y + 7. Is l(19) prime?
True
Let a(l) = l**2 - 4*l + 4. Let z be a(4). Suppose -z*c = 12*c - 4048. Is c prime?
False
Let k = 23 - 3. Let l = k - 21. Is -373*(l/(-1) - 2) a prime number?
True
Suppose 0 = -6*q + 57617 - 13055. Is q composite?
True
Let m = 100906 + -71649. Is m composite?
True
Suppose 301*c - 36687 = 294*c. Is c a composite number?
True
Let h be (1 - 0)/(17/119). Suppose -h*l + 2*l = -1480. Suppose -2*k + 710 = -4*j, -k + l = 2*j - 79. Is k composite?
True
Let j(n) = 17*n**2 + 4*n. Let r(c) = 2 + 2*c**2 + 3*c - 4 - 2. Let l be r(-3). Is j(l) a prime number?
False
Suppose -3*i = a + 10, 2*a + 1 - 13 = 2*i. Let v be ((-2)/4)/((-1)/i). Is (16/v)/2 + 125 a prime number?
False
Suppose 0 = 9*n - 0*n - 32769. Is n a prime number?
False
Suppose -39*x + 44*x = -90. Let u(c) = 9*c**2 - 23*c - 57. Is u(x) composite?
True
Suppose 0 = 3*a - 0*a - 54. Is 297/a*(-122)/(-3) prime?
False
Let x = 103 + -